. Let t(q) = -4*q**3 + 7*q**2 + 3*q. Let s be t(-3). Let i(c) = -s*c**2 + 161*c**2 + 11*c - 2*c - 5. What is i(x)?
13
Let w(z) = -7*z**2 - 20. Let v(k) = -20*k**2 - 57. Let r(f) = 6*v(f) - 17*w(f). What is r(5)?
-27
Let z(o) be the first derivative of -o**4/4 + 13*o**3/3 - 3*o**2/2 + 15*o - 5797. Give z(13).
-24
Suppose -4*o = -3*g - 12, g - 3*o = 7 - 21. Let t(l) be the second derivative of -1/2*l**2 + 0*l**3 + 0 - 9*l + 0*l**g + 1/10*l**5. What is t(1)?
1
Let q(b) be the first derivative of -7*b**3/3 + 25*b**2/2 + 12*b - 3955. Give q(4).
0
Let i(k) = k**3 - 6*k**2 - 9*k. Let n(h) be the first derivative of -2*h**3/3 - 13*h**2/2 - 13*h - 31. Let w be n(-4). Calculate i(w).
-14
Let c be 80/(-56)*(-252)/30. Let v(r) be the first derivative of -c + 1/2*r**2 - 7*r. Determine v(10).
3
Let g(p) = p + 1. Let o = 120 - 111. Suppose o = 2*b + 3*n, -6*b + n - 14 = -3*b. Calculate g(b).
-2
Let f(l) = -2*l + 15. Let c(w) = 3*w - 35. Let x(p) = p**3 - 12*p**2 - 2. Let i be x(12). Let d(r) = i*c(r) - 5*f(r). What is d(4)?
11
Let r(n) = -n**3 + n**2 - n + 17. Let u be (0 + -7)/((-3)/(-27)*-3). Suppose 96 = 25*k - u*k. Let q = 24 - k. Calculate r(q).
17
Let u(f) = 4*f. Let q be u(1). Let k(o) be the second derivative of -o**4/12 - o**3/2 + o**2/2 + 319*o - 5. What is k(q)?
-27
Let b(z) = 3*z + 810. Let v(i) = -37*i - 10128. Let r(o) = -25*b(o) - 2*v(o). Suppose -4 = -0*d - d. Give r(d).
2
Let r(g) be the second derivative of -114*g - 21/2*g**2 - 1/6*g**3 + 0. What is r(-15)?
-6
Suppose 4*x - 6*i = -9*i + 47, x - 4*i - 7 = 0. Suppose -2*o - x*o = -o. Let c(d) = d**2 + d - 25. Calculate c(o).
-25
Let s(l) = 4803 - 9632 + 7*l + 4759. What is s(16)?
42
Let k be 10/(((-42)/(-18))/(-7)). Let d be (-28)/35*k/(-12). Let s(q) = -2*q**3 + 3*q**2 + 3*q + 1. Determine s(d).
23
Let q be ((-30)/20)/((-158)/(-40) - 4). Let j = q - 12. Let d(b) = b - 22. What is d(j)?
-4
Let q(n) = -n**3 - 7*n**2 - 6*n - 4. Suppose 0 = 95*z - 199*z + 95*z - 63. What is q(z)?
38
Let o(j) = 3*j - 3. Let h(g) = -g**3 - g**2 - 2*g - 3. Let a(v) = -2*v - 21. Let p be a(-12). Let d be h(p). Let f = -42 - d. What is o(f)?
6
Suppose 4*y + 0 = -8, 4*r = -2*y + 20. Suppose h + 5*j + 7 = 3*h, 0 = 2*j + r. Let p(d) = d - 5. Let u(x) = -x + 6. Let m(z) = h*u(z) - 3*p(z). Determine m(8).
-1
Let v(x) be the first derivative of 100*x**2 - 197*x**2 + 96*x**2 + 96 - 3*x. Calculate v(3).
-9
Let q(c) = c**2 - 2*c - 11. Let u(o) = o**3 + 7*o**2 + 8*o - 16. Let w be u(-4). Let f be 5 - 2/4*w. Give q(f).
4
Suppose -2*m = -5*k - 95, -214 = 2*m - 6*m + 2*k. Let n be 1/((-2)/(-8)) + m. Let l = n - 58. Let y(p) = -14*p**3 + p. Determine y(l).
-13
Let u(d) = 28*d**2 + 15*d + 96. Let b(n) = 13*n**2 + 7*n + 44. Let j(r) = -13*b(r) + 6*u(r). Determine j(0).
4
Let v = 28 - 10. Suppose r - 2*c = -6*c - v, 19 = 2*r - 3*c. Let d(o) = 3*o**2 + 8*o + o**2 - 5*o**r + 6. What is d(9)?
-3
Let q(l) be the third derivative of -l**4/12 + 37*l**3/6 + 494*l**2 - l. Calculate q(-3).
43
Let o = 831 - 835. Let t(l) = -6*l**3 + 4 + 1 + 5*l**3 + 0*l**2 - 5*l**2 - 2*l. Calculate t(o).
-3
Suppose f - 7 = o, 37 = 3*f + 3*o - 2*o. Let v(b) = 7*b**2 - 5 - 1 + 7*b + f - b**3 + 5. Calculate v(8).
2
Let s(y) = y**3 - 2*y + 1. Let d(k) = k**2 + 2. Let z(m) = 6*m**2 - 23*m - 40. Let w(q) = -5*d(q) + z(q). Let b be w(25). What is s(b)?
1
Let m(d) = -5*d + 5. Let x(z) = 5*z - 6. Let w(l) = -3*m(l) - 2*x(l). Let s be ((-77 + 23)/27)/((-1)/2). What is w(s)?
17
Let z = -563 + 1690/3. Let u(j) be the first derivative of 2*j**4 - z*j**3 + 14 + 0*j + 0*j**2. Give u(1).
7
Let m = -37 - -90. Let l(w) = m*w - 28*w - 26*w + 1. Suppose 7 = -2*y + 3*y. Give l(y).
-6
Let i(x) = -12*x**2 + 12*x - 53. Let w be i(8). Let q = w - -718. Let p(u) = -u**3 - 6*u**2 - 13 + 8*u + 20 + u. What is p(q)?
-7
Let x(q) = -q**2 + q + 3*q + 4*q - 5*q + 5. Suppose 0 = -2*n + 3*n + 3*l - 4, 0 = -4*n - 3*l + 25. What is x(n)?
-23
Suppose 28*c - 155*c = -381. Let i(p) be the first derivative of 1/2*p**2 + 1/4*p**4 - 10 - 3*p**c - 9*p. What is i(9)?
0
Let a(q) = -2*q - 77. Let z(v) = 2*v - 74. Let x(n) = -3*a(n) + 4*z(n). Calculate x(5).
5
Let a(c) = -13*c**3 - c**2 - c - 1. Suppose 45*x - 40*x = 0. Suppose -d + 6 - 2 = x. Suppose 4*s + 4*k = -0*k + 4, 0 = s - d*k + 9. Calculate a(s).
12
Let d(t) be the second derivative of 10*t**3/3 - t**2/2 + t. Suppose -10 = -6*c + 4*z, -1110*z + 1105*z = 2*c + 22. Give d(c).
-21
Let y(t) = -80*t**2 - t - 88*t**2 - 84*t**2 + 12*t + 251*t**2 - 17. What is y(2)?
1
Suppose 17*x + 29 = 3*u + 19*x, 0 = 6*u - 3*x - 51. Let m(c) = 11*c + 23. Calculate m(u).
122
Let l = 6 - 10. Let n(x) = 3*x**3 + 275*x**2 - 4*x - 47. Let b(y) = -y**3 - 109*y**2 + 2*y + 20. Let u(p) = 5*b(p) + 2*n(p). Give u(l).
14
Let k be 1253/42 - 17 - (-5)/(-6). Let x(l) = l**3 - 14*l**2 + 22*l + 20. Give x(k).
-4
Let s(k) = -7*k + 11*k + 1 + 1. Let g(y) = 6*y + 1. Let m(o) = -4*g(o) + 5*s(o). Let h be (0/1 - -4)*1. Calculate m(h).
-10
Let a be (8 + -2)/(-3 + 5). Suppose -10 = -a*z - 25. Let w(v) be the second derivative of v**3/6 + 9*v. Give w(z).
-5
Let o be 5 - (2/(-2) - -2). Let i = o + -9. Let s(y) = -13*y**3 - y**2 - 1. Let q(d) = -7*d**3 - 1. Let u(x) = -11*q(x) + 6*s(x). What is u(i)?
-20
Let y be -1*(-3 - 4/(-4)) - 14. Let w be y/(-48) + 1/(-4). Suppose w = 5*k - 2*d + 6, -2*k + 4*d = 11 + 1. Let b(c) = -c**2 + c - 8. Calculate b(k).
-8
Let l(t) = 2*t - 8*t - 1 - 4*t**3 + 7*t - 2*t. Let o(b) = 7*b**3 - b**2 + 3*b + 1. Let d(j) = -5*l(j) - 3*o(j). Give d(2).
-2
Let q(y) = -25*y - 31*y - 21 - 22*y + 23 + 84*y. What is q(-4)?
-22
Let p(j) be the second derivative of j**6/144 + j**5/40 - j**4/6 - j**3/3 + j + 5. Let y(i) be the third derivative of p(i). Calculate y(-4).
-17
Let x(t) = -101*t + 3678. Let b(v) = -219*v + 7971. Let g(f) = 6*b(f) - 13*x(f). Let w be 2/6 + 41/3. Determine g(w).
-2
Let l(c) = -c**3 - 21*c**2 - 17*c + 43. Suppose -62*n - 20*n - 787 - 853 = 0. Determine l(n).
-17
Let a(x) = 7*x**3 - 20*x**2 - 6*x + 5. Let v(z) = -27*z**3 + 79*z**2 + 26*z - 21. Let p(w) = -23*a(w) - 6*v(w). Give p(15).
-34
Suppose 13*q - 483 = -8*q. Suppose -42 - 7 = 5*h + l, -2*h + 3*l - q = 0. Let p(a) = -a**3 - 9*a**2 + 9*a - 7. What is p(h)?
3
Let j(g) = -g**3 + 7*g**2 - 3*g - 4. Suppose 7*s - 17*s + 2200 = 0. Let a = s - 214. What is j(a)?
14
Let x(p) = -21. Let l(w) = -w**2 + 14*w + 13. Let i be l(15). Let d(f) = f - 45. Let r(b) = i*d(b) + 5*x(b). Calculate r(-6).
-3
Let l(w) = -w**3 + 6*w**2 + 3*w - 26. Suppose -36*q - 289*q + 874 = -1076. Calculate l(q).
-8
Let r(i) be the third derivative of -i**7/720 + i**6/360 - i**5/15 + 5*i**4/24 - 9*i**2 + 3. Let l(w) be the third derivative of r(w). Give l(1).
-5
Let i(x) be the first derivative of x**3/3 + 3*x**2/2 + 8*x + 495. Give i(0).
8
Let c(t) be the second derivative of 1/12*t**4 - t + 2*t**2 + 0*t**3 - 9. What is c(3)?
13
Let h = 605 - 485. Let l(a) = 4*a**2 - 5*a**2 - h + 116. What is l(0)?
-4
Suppose 3*n - 5*l - 16 = 0, -4*n - 144 = 2*l - 148. Let q(r) = -3*r**2 - 4*r + 13. Give q(n).
-7
Let x = -14 - -15. Let w(l) = 8*l**3 - 56*l**3 - 597597*l**2 + 597598*l**2. What is w(x)?
-47
Suppose 67*u = 54*u - 64*u. Let p(t) = t**3 - 6*t**2 + t - 6. Determine p(u).
-6
Let g be 28/21*(-114)/8 + -3. Let i(q) = q**3 + 22*q**2 + 3*q + 59. Determine i(g).
-7
Let t(j) be the third derivative of j**5/12 + j**4/12 - j**3/3 - 4*j**2 - 15*j. Suppose 2*z - 4*q = -8, -5*z - 3*q = -10*z + 1. Calculate t(z).
22
Let o(d) = d**3 + 3*d**2 - 55*d + 3. Suppose -10*c - 2267 + 4383 - 2206 = 0. Calculate o(c).
12
Let k(f) = f**3 + 4*f**2 - f + 1. Let m(i) = 3*i**3 + 12*i**2 - 4*i + 3. Let t be 5/1 - (36 - 34). Let r(o) = t*m(o) - 8*k(o). Determine r(-5).
-4
Let g(c) = 8*c - 26. Let x be ((17 - -7)/12)/(4/6). What is g(x)?
-2
Suppose h + 5*h = -4*h + 30. Let g(o) = -o + 1. Calculate g(h).
-2
Let f(j) = -8*j**2 - 14*j**2 - 6 - 6*j + 38*j**2 - 14*j**2 - 8*j**2 - j**3. Let z = 10 - 6. Suppose 2*o - z*o = 10. Determine f(o).
-1
Let m = 12177 + -12156. Let i(d) = -d**3 + 22*d**2 - 18*d - 56. What is i(m)?
7
Let n be (-108)/45*(-70)/8. Suppose n = 9*m - 6. Let b(d) = -4*d**2 + 2*d + 2. Calculate b(m).
-28
Let h(a) = 5*a**2 + 15*a + 13. Let r(p) = 6*p**2 + 15*p + 13. Let o(m) = -5*h(m) + 4*r(m). What is o(-13)?
13
Suppose 4*v - 3 = 13. Let g = 273 + -272. Let k(p) 